. What is the greatest common divisor of p and r?
29
Let h = 39 - 22. Let x be (-6567)/(-77) - (-4 - (-180)/42). Calculate the greatest common divisor of x and h.
17
Suppose -136 = -11*o + 359. Calculate the highest common divisor of 45 and o.
45
Let d(p) = -2*p - 10 + 3*p + 3*p + 9. Let b be d(3). Calculate the greatest common factor of 44 and b.
11
Let n(t) = -21*t**3 + 4*t**2 + t - 1. Let c be n(-1). Suppose c*m - 80 = 19*m. What is the highest common divisor of 50 and m?
10
Suppose -18*g + 19*g = 0. Suppose -224 = -y - g*y. Let f(z) = -z**3 - 3*z**2 + 5*z + 3. Let n be f(-5). What is the highest common factor of n and y?
28
Let l(h) = 12*h**2 - 57*h + 12. Let q be l(5). Calculate the highest common factor of q and 2889.
27
Let j be (11/(-2))/(2/(-4)). Let w(v) = -v + 2. Let c be w(-10). Let f be 4/24 + 658/c. What is the greatest common factor of j and f?
11
Let y be 142 + 5/10*-12. Calculate the highest common factor of 68 and y.
68
Let x be -2 + 1/(2/188). Suppose 0 = -3*f + 37 + x. Let u = 77 - f. Calculate the highest common factor of 170 and u.
34
Let l = 256 - 151. Suppose 0 = -11*n + 4*n + l. Suppose 3*j - s - 79 = 241, -15 = 3*s. Calculate the highest common divisor of n and j.
15
Let r = 5 + -33. Let s = r - -31. Let x be (-2)/4*-2*15. Calculate the greatest common factor of x and s.
3
Let x = -249 - -286. Calculate the highest common factor of x and 444.
37
Let g(v) = 3*v**2 + 3*v + 8. Let o be g(-4). Let a = 137 + -71. Calculate the greatest common divisor of a and o.
22
Let u be 10/4 + (-14301)/(-14) + -4. What is the highest common divisor of 15 and u?
15
Let u be (150/9)/((-48)/(-216)). What is the greatest common factor of 825 and u?
75
Let o = 63 + -61. Suppose -4 - 15 = -o*s - 5*m, 5*s = -3*m + 19. Calculate the highest common divisor of 14 and s.
2
Let h be 9/(-15)*(155/(-1) + 0). Suppose -5*u + 407 = -l, 0 = 2*u - 5*l - h - 79. What is the highest common divisor of u and 27?
27
Suppose 3*c - 2037 = -12*y + 7*y, -2*y - 3*c = -822. What is the greatest common divisor of y and 90?
45
Let b(w) = -w**3 - 9*w**2 + w + 17. Let t be b(-9). Suppose -r = 3*p + 7, -t = 2*r + 5*p - p. Calculate the greatest common divisor of 16 and r.
2
Let i = -145 - -208. What is the highest common factor of 84 and i?
21
Let r(l) = 16*l - 6*l + 35*l + 9. Let n be r(5). What is the highest common factor of 39 and n?
39
Let q = 195 - -480. What is the highest common divisor of q and 15?
15
Suppose -8*d + 58 = 10. Let w = d - -13. Calculate the greatest common divisor of w and 133.
19
Let m(q) = -q**3 - 3*q**2 - 16*q - 17. Let h be m(-6). Calculate the greatest common factor of 34 and h.
17
Let f be (-99)/(-22)*16/3. What is the highest common divisor of 48 and f?
24
Suppose 0 = 5*k - 2*y - 774, -k = -7*y + 11*y - 146. What is the greatest common factor of 14 and k?
14
Let t(d) = -d**3 - 12*d**2 - 3*d - 24. Let b be t(-12). Let z be 306/11 + b/66. What is the highest common factor of 7 and z?
7
Let y = 143 + -113. What is the greatest common divisor of y and 1830?
30
Suppose 0 = 10*i + 164 - 414. Calculate the highest common divisor of 70 and i.
5
Let q(d) = -24*d + 110. Let a be q(-3). Calculate the highest common divisor of 140 and a.
14
Let u = -37 + 49. Suppose -35 = -4*l - 11. Let q = 2 + l. Calculate the greatest common factor of u and q.
4
Let u = -11 + 27. Suppose -39*r - 320 = -44*r. What is the highest common factor of u and r?
16
Suppose -4*t = 5*l - 88, l - 3*l = t - 37. Let u = 4 - -1. Suppose -2*k - 892 = -u*d, k + 0*k = -5*d + 904. Calculate the greatest common divisor of l and d.
20
Suppose 0*j = -3*j - 6, 114 = -w - 4*j. Let o = w - -121. Calculate the highest common divisor of o and 165.
15
Let u = -1119 + 1139. Calculate the greatest common factor of u and 7.
1
Suppose 560 = -2*b + 6*b - 5*z, -3*b = 2*z - 397. Calculate the greatest common divisor of b and 9.
9
Let k be (-2)/((-4)/(-288)*-2). Let g be k/28 + 16/(-28). Suppose -g*f = -5*f - 3, -2*f = -3*m + 80. Calculate the greatest common factor of 39 and m.
13
Let j be (-11620)/(-100) + 4/(-20). What is the greatest common factor of 8 and j?
4
Let i be (0 - (1 + -11)) + 1. Let z be (0/(-2 + (1 - 1)))/(-1). Suppose -5*s + 26 + 29 = z. What is the greatest common divisor of s and i?
11
Let f = 468 + -383. Calculate the highest common factor of 51 and f.
17
Suppose 7402 = 79*u + 687. What is the greatest common factor of u and 10?
5
Suppose -s + 3*s - 6 = 0. Suppose s*w = f + 2*f + 153, 4*f = -5*w + 291. Suppose -11*u + 12*u - w = 0. Calculate the greatest common factor of 22 and u.
11
Suppose -1318 = -15*j + 437. Calculate the greatest common factor of j and 156.
39
Let q(v) = 10*v**2 - 19*v - 1. Let h be q(-2). What is the greatest common divisor of 693 and h?
77
Let i be (10/(-4))/(4/240*-3). What is the greatest common factor of i and 750?
50
Let n be -16 + 13 + -5*1. Let w(k) = -k**2 - 5*k + 40. Let u be w(n). What is the highest common divisor of u and 24?
8
Suppose 52 = 5*b - 3*b. Calculate the highest common factor of 26 and b.
26
Let y(w) = 8*w. Let c be y(1). Suppose a + 288 = 5*a. What is the highest common factor of c and a?
8
Suppose 0 = -2*s + 18 - 8. Suppose s*x - 10 = 4*x. Let j = 214 - 134. Calculate the greatest common divisor of x and j.
10
Let t(h) = -h + 6. Let g be t(9). Let q be (10 + -16)/(g/1124). Let m be q/14 + 4/(-7). What is the highest common divisor of 64 and m?
32
Suppose 3*u - 9 = -k + 13, -15 = 3*k. What is the greatest common factor of 51 and u?
3
Let v be 4/(-8) - 142/(-4). Let t = -2104 - -2139. Calculate the greatest common divisor of v and t.
35
Suppose -2*b + r + 955 = 0, -26*r = -27*r + 5. Calculate the greatest common divisor of 96 and b.
96
Let d be (40/20)/((-4)/(-38)). Let t be 2*3/(-2) + 136. What is the greatest common divisor of d and t?
19
Let j(v) = -648*v - 2. Let r be j(-1). What is the highest common divisor of r and 38?
38
Let t be (-3 + 1)*((-4 - -2) + -16). What is the greatest common divisor of t and 108?
36
Suppose 135 = 5*d - 0*d - 5*q, 5*q = 4*d - 106. Calculate the highest common divisor of 1769 and d.
29
Let h = 377 + -352. Let j(a) = 9*a**2 - 2*a. Let v be j(3). Calculate the highest common factor of h and v.
25
Let h(d) = 12*d**2 - 3*d - 2. Let o be h(-3). Let w = o + -83. What is the greatest common factor of 32 and w?
32
Let h(x) = 3*x**2 + 10*x + 5. Let r be h(-4). Let f = -25 + r. Let g = f - -20. Calculate the highest common factor of 64 and g.
8
Let y be 0 + (2 - -1) + 211 + -34. What is the greatest common factor of y and 40?
20
Suppose -39 = 5*h + 21. Let t(n) = -n**2 + 5*n - 4. Let y be t(5). Let d = y - h. What is the greatest common divisor of d and 1?
1
Let d = 4 - 5. Let z be (-44)/d - -1 - 3. Suppose n + z = 2*n. What is the greatest common factor of n and 105?
21
Let i(z) = 14*z**2 - z. Let a be i(1). Let x = a - 11. Let h(g) = g + 14. Let r be h(0). Calculate the highest common divisor of r and x.
2
Let x = 17 - 4. Calculate the highest common divisor of x and 13.
13
Let c(m) = 2*m**3 - 2*m**2 - 6*m + 3. Let h(x) = -x**2 - 4*x + 4. Let q be h(-4). Let t be c(q). What is the highest common factor of t and 30?
15
Let c(m) = -m - 6. Let o be c(-8). Suppose -3*t + o*z = -56, 0 = 5*t + z - 0*z - 102. What is the highest common factor of t and 5?
5
Suppose 0*o = -4*g + 5*o + 8, 5*o - 34 = -2*g. What is the greatest common factor of g and 14?
7
Suppose 8*o + 0 = 176. Let r = -8 + 63. What is the greatest common divisor of r and o?
11
Let l = 1756 - 1162. Calculate the greatest common factor of l and 3.
3
Suppose -4*i - 2 + 170 = 3*p, -p + 2*i = -66. What is the greatest common divisor of 60 and p?
60
Let t(m) = m**2 - 20. Let q be (-4)/(-4)*(14 - 0). Let b be t(q). Suppose 2*c = -0*c + b. Calculate the highest common factor of c and 8.
8
Suppose 8*l - 6 = 10*l, s - 131 = 5*l. Let j = s + -80. What is the highest common factor of j and 9?
9
Suppose 3*j = 3*v + 12, 4*v + 16 = 3*j - j. Suppose -2*g - 41 = -y, 2*g + 0*g + 6 = j. Suppose 0 = -3*c + 9 + 6. What is the greatest common divisor of c and y?
5
Suppose -337 = l - 975. Calculate the highest common factor of l and 44.
22
Let n = 151 + -91. Let w be 1/(((-4)/n)/(-1)). What is the highest common factor of 135 and w?
15
Let p(m) = 4*m**3 + m**2 + m - 2. Le